{"id":2438,"date":"2024-09-15T15:07:38","date_gmt":"2024-09-15T13:07:38","guid":{"rendered":"https:\/\/staging.lesgitesdelamadrague.com\/?page_id=2438"},"modified":"2025-01-31T09:38:10","modified_gmt":"2025-01-31T08:38:10","slug":"la-tortue-english","status":"publish","type":"page","link":"https:\/\/lesgitesdelamadrague.com\/index.php\/en\/la-tortue-english\/","title":{"rendered":"La tortue &#8211; english"},"content":{"rendered":"<p>[et_pb_section fb_built=\u00a0\u00bb1&Prime; custom_padding_last_edited=\u00a0\u00bbon|phone\u00a0\u00bb admin_label=\u00a0\u00bbSection\u00a0\u00bb _builder_version=\u00a0\u00bb4.25.1&Prime; _module_preset=\u00a0\u00bbdefault\u00a0\u00bb custom_margin=\u00a0\u00bb||||false|false\u00a0\u00bb custom_margin_tablet=\u00a0\u00bb20px||||false|false\u00a0\u00bb custom_margin_phone=\u00a0\u00bb20px||||false|false\u00a0\u00bb custom_margin_last_edited=\u00a0\u00bbon|desktop\u00a0\u00bb custom_padding=\u00a0\u00bb0px||0px||false|false\u00a0\u00bb custom_padding_tablet=\u00a0\u00bb||5px||false|false\u00a0\u00bb custom_padding_phone=\u00a0\u00bb90px||||false|false\u00a0\u00bb da_disable_devices=\u00a0\u00bboff|off|off\u00a0\u00bb locked=\u00a0\u00bboff\u00a0\u00bb global_colors_info=\u00a0\u00bb{}\u00a0\u00bb da_is_popup=\u00a0\u00bboff\u00a0\u00bb da_exit_intent=\u00a0\u00bboff\u00a0\u00bb da_has_close=\u00a0\u00bbon\u00a0\u00bb da_alt_close=\u00a0\u00bboff\u00a0\u00bb da_dark_close=\u00a0\u00bboff\u00a0\u00bb da_not_modal=\u00a0\u00bbon\u00a0\u00bb da_is_singular=\u00a0\u00bboff\u00a0\u00bb da_with_loader=\u00a0\u00bboff\u00a0\u00bb da_has_shadow=\u00a0\u00bbon\u00a0\u00bb][et_pb_row column_structure=\u00a0\u00bb1_2,1_2&Prime; _builder_version=\u00a0\u00bb4.24.3&Prime; _module_preset=\u00a0\u00bbdefault\u00a0\u00bb custom_margin=\u00a0\u00bb|auto|-10px|auto||\u00a0\u00bb custom_padding=\u00a0\u00bb||6px|||\u00a0\u00bb global_colors_info=\u00a0\u00bb{}\u00a0\u00bb][et_pb_column type=\u00a0\u00bb1_2&Prime; _builder_version=\u00a0\u00bb4.24.3&Prime; _module_preset=\u00a0\u00bbdefault\u00a0\u00bb global_colors_info=\u00a0\u00bb{}\u00a0\u00bb][et_pb_text content_tablet=\u00a0\u00bb<\/p>\n<h1 style=%22text-align: right;%22>La tortue<\/h1>\n<p>\u00a0\u00bb content_phone=\u00a0\u00bb<\/p>\n<h1 style=%22text-align: center;%22>La tortue<\/h1>\n<p>\u00a0\u00bb content_last_edited=\u00a0\u00bbon|phone\u00a0\u00bb _builder_version=\u00a0\u00bb4.25.1&Prime; _module_preset=\u00a0\u00bbdefault\u00a0\u00bb header_font=\u00a0\u00bbKalam|700|||||||\u00a0\u00bb header_text_align=\u00a0\u00bbright\u00a0\u00bb header_text_color=\u00a0\u00bb#006d75&Prime; header_font_size=\u00a0\u00bb48px\u00a0\u00bb custom_margin=\u00a0\u00bb||-30px||false|false\u00a0\u00bb custom_padding=\u00a0\u00bb||||false|false\u00a0\u00bb header_font_tablet=\u00a0\u00bbKalam|700|||||||\u00a0\u00bb header_font_phone=\u00a0\u00bbKalam|700|||||||\u00a0\u00bb header_font_last_edited=\u00a0\u00bbon|phone\u00a0\u00bb header_font_size_tablet=\u00a0\u00bb54px\u00a0\u00bb header_font_size_phone=\u00a0\u00bb35px\u00a0\u00bb header_font_size_last_edited=\u00a0\u00bbon|phone\u00a0\u00bb global_colors_info=\u00a0\u00bb{}\u00a0\u00bb]<\/p>\n<h1 style=\"text-align: right;\">La tortue<\/h1>\n<p>[\/et_pb_text][\/et_pb_column][et_pb_column type=\u00a0\u00bb1_2&Prime; _builder_version=\u00a0\u00bb4.24.3&Prime; _module_preset=\u00a0\u00bbdefault\u00a0\u00bb global_colors_info=\u00a0\u00bb{}\u00a0\u00bb][et_pb_image src=\u00a0\u00bbhttps:\/\/lesgitesdelamadrague.com\/wp-content\/uploads\/2024\/04\/Icon_turtle.png\u00a0\u00bb alt=\u00a0\u00bbtortue\u00a0\u00bb title_text=\u00a0\u00bbIcon_turtle\u00a0\u00bb disabled_on=\u00a0\u00bbon|off|off\u00a0\u00bb _builder_version=\u00a0\u00bb4.25.1&Prime; _module_preset=\u00a0\u00bbdefault\u00a0\u00bb transform_translate=\u00a0\u00bb-36px|-8px\u00a0\u00bb width_tablet=\u00a0\u00bb\u00a0\u00bb width_phone=\u00a0\u00bb0%\u00a0\u00bb width_last_edited=\u00a0\u00bbon|phone\u00a0\u00bb max_width=\u00a0\u00bb10%\u00a0\u00bb module_alignment=\u00a0\u00bbleft\u00a0\u00bb max_height=\u00a0\u00bb100px\u00a0\u00bb global_colors_info=\u00a0\u00bb{}\u00a0\u00bb][\/et_pb_image][\/et_pb_column][\/et_pb_row][\/et_pb_section][et_pb_section fb_built=\u00a0\u00bb1&Prime; admin_label=\u00a0\u00bbSection\u00a0\u00bb _builder_version=\u00a0\u00bb4.25.0&Prime; _module_preset=\u00a0\u00bbdefault\u00a0\u00bb custom_margin=\u00a0\u00bb||||false|false\u00a0\u00bb custom_padding=\u00a0\u00bb9px||17px||false|false\u00a0\u00bb da_disable_devices=\u00a0\u00bboff|off|off\u00a0\u00bb locked=\u00a0\u00bboff\u00a0\u00bb global_colors_info=\u00a0\u00bb{}\u00a0\u00bb da_is_popup=\u00a0\u00bboff\u00a0\u00bb da_exit_intent=\u00a0\u00bboff\u00a0\u00bb da_has_close=\u00a0\u00bbon\u00a0\u00bb da_alt_close=\u00a0\u00bboff\u00a0\u00bb da_dark_close=\u00a0\u00bboff\u00a0\u00bb da_not_modal=\u00a0\u00bbon\u00a0\u00bb da_is_singular=\u00a0\u00bboff\u00a0\u00bb da_with_loader=\u00a0\u00bboff\u00a0\u00bb da_has_shadow=\u00a0\u00bbon\u00a0\u00bb][et_pb_row column_structure=\u00a0\u00bb3_5,2_5&Prime; _builder_version=\u00a0\u00bb4.25.1&Prime; _module_preset=\u00a0\u00bbdefault\u00a0\u00bb custom_padding=\u00a0\u00bb||10px|||\u00a0\u00bb global_colors_info=\u00a0\u00bb{}\u00a0\u00bb][et_pb_column type=\u00a0\u00bb3_5&Prime; _builder_version=\u00a0\u00bb4.25.1&Prime; _module_preset=\u00a0\u00bbdefault\u00a0\u00bb border_radii=\u00a0\u00bboff|10px|10px||\u00a0\u00bb border_color_all=\u00a0\u00bbRGBA(255,255,255,0)\u00a0\u00bb global_colors_info=\u00a0\u00bb{}\u00a0\u00bb][et_pb_image src=\u00a0\u00bbhttps:\/\/lesgitesdelamadrague.com\/wp-content\/uploads\/2024\/05\/Photo_principale_tortue.jpg\u00a0\u00bb alt=\u00a0\u00bbphotographie principale cabanon de jacques\u00a0\u00bb title_text=\u00a0\u00bbPhoto_principale_tortue\u00a0\u00bb _builder_version=\u00a0\u00bb4.25.1&Prime; _module_preset=\u00a0\u00bbdefault\u00a0\u00bb custom_margin=\u00a0\u00bb6px|6px|6px|6px|false|false\u00a0\u00bb border_radii=\u00a0\u00bboff|4px|4px||\u00a0\u00bb border_width_all=\u00a0\u00bb5px\u00a0\u00bb border_color_all=\u00a0\u00bb#f2d752&Prime; global_colors_info=\u00a0\u00bb{}\u00a0\u00bb][\/et_pb_image][et_pb_icon font_icon=\u00a0\u00bb&#x3b;||divi||400&Prime; url=\u00a0\u00bb#galerietortue\u00a0\u00bb _builder_version=\u00a0\u00bb4.25.1&Prime; _module_preset=\u00a0\u00bbdefault\u00a0\u00bb transform_scale=\u00a0\u00bb30%|30%\u00a0\u00bb custom_margin=\u00a0\u00bb||-30px||false|false\u00a0\u00bb custom_padding=\u00a0\u00bb0px||0px||false|false\u00a0\u00bb custom_padding_tablet=\u00a0\u00bb0px||0px||false|false\u00a0\u00bb custom_padding_phone=\u00a0\u00bb0px||0px||false|false\u00a0\u00bb custom_padding_last_edited=\u00a0\u00bbon|desktop\u00a0\u00bb locked=\u00a0\u00bboff\u00a0\u00bb global_colors_info=\u00a0\u00bb{}\u00a0\u00bb][\/et_pb_icon][\/et_pb_column][et_pb_column type=\u00a0\u00bb2_5&Prime; _builder_version=\u00a0\u00bb4.25.0&Prime; _module_preset=\u00a0\u00bbdefault\u00a0\u00bb background_enable_color=\u00a0\u00bboff\u00a0\u00bb border_width_all=\u00a0\u00bb1px\u00a0\u00bb border_color_all=\u00a0\u00bbRGBA(255,255,255,0)\u00a0\u00bb global_colors_info=\u00a0\u00bb{}\u00a0\u00bb][et_pb_code _builder_version=\u00a0\u00bb4.27.2&Prime; _module_preset=\u00a0\u00bbdefault\u00a0\u00bb global_colors_info=\u00a0\u00bb{}\u00a0\u00bb]<\/p>\n<div id=\"ConstellationWidgetContainer908b2039-f6ca-4f03-9e9c-97605a8bb274\" style=\"width:100%\" title=\"Les Gites de la Madrague\" data-id-projet='908b2039f6ca4f039e9c97605a8bb274'>Loading&#8230;<\/div>\n<p><script type=\"text\/javascript\" src=\"https:\/\/reservation.elloha.com\/Scripts\/widget-loader.min.js?v=42\"><\/script><script type=\"text\/javascript\">var constellationWidgetUrl908b2039f6ca4f039e9c97605a8bb274, constellationTypeModule908b2039f6ca4f039e9c97605a8bb274; constellationWidgetUrl908b2039f6ca4f039e9c97605a8bb274 = 'https:\/\/reservation.elloha.com\/Widget\/BookingEngine\/908b2039-f6ca-4f03-9e9c-97605a8bb274?idoi=5cc81028-11aa-4e05-86ee-be39bd120b37&culture=en-GB'; constellationTypeModule908b2039f6ca4f039e9c97605a8bb274=1; constellationWidgetLoad('ConstellationWidgetContainer908b2039-f6ca-4f03-9e9c-97605a8bb274'); constellationWidgetAddEvent(window, \"resize\", function () { constellationWidgetSetAppearance('ConstellationWidgetContainer908b2039-f6ca-4f03-9e9c-97605a8bb274'); });<\/script>[\/et_pb_code][et_pb_button button_url=\u00a0\u00bbhttps:\/\/lesgitesdelamadrague.com\/index.php\/contact\/\u00a0\u00bb button_text=\u00a0\u00bbFor loyalty discounts or certain direct payments, contact us    \ud83d\udcde\u00a0\u00bb button_alignment=\u00a0\u00bbcenter\u00a0\u00bb _builder_version=\u00a0\u00bb4.27.0&Prime; _module_preset=\u00a0\u00bbdefault\u00a0\u00bb custom_button=\u00a0\u00bbon\u00a0\u00bb button_bg_color=\u00a0\u00bb#ffff7a\u00a0\u00bb button_border_radius=\u00a0\u00bb6px\u00a0\u00bb locked=\u00a0\u00bboff\u00a0\u00bb global_colors_info=\u00a0\u00bb{}\u00a0\u00bb][\/et_pb_button][et_pb_text content_tablet=\u00a0\u00bb<\/p>\n<p><strong> Meubl\u00e9 4 personnes<br \/><\/strong>\u26f1\ufe0f Exposition plein Sud<br \/>1 grande terrasse ombrag\u00e9e avec vue mer<\/p>\n<p><span style=%22text-decoration: underline;%22>\ud83e\udd58 1 cuisine \u00e9quip\u00e9e :<\/span><br \/>\u2022 cuisini\u00e8re \u00e9lectrique \/ r\u00e9frig\u00e9rateur-cong\u00e9lateur<br \/>\u2022 micro onde<br \/>\u2022 cafeti\u00e8re \u00e9lectrique \/ bouilloire<br \/>\u2022 machine \u00e0 laver le linge<\/p>\n<p>\ud83d\udecf\ufe0f 1 chambre avec lit double de 140x200cm + SdB<br \/>\ud83d\udecf\ufe0f 1 chambre avec lit de 90x190cm + SdB<br \/>\ud83d\udecb\ufe0f 1 espace repas \/ salon avec canap\u00e9 convertible<br \/>\ud83d\udca6 2 salle de bain (avec douche et lavabo)<br \/>\ud83d\udebd 1 WC<br \/>\u2744\ufe0f \u2668\ufe0f Syst\u00e8me de chauffage &#038; climatisation<\/p>\n<p>\u00a0\u00bb content_phone=\u00a0\u00bb<\/p>\n<p><strong> Meubl\u00e9 4 personnes<br \/><\/strong>\u26f1\ufe0f Exposition plein Sud<br \/>1 grande terrasse ombrag\u00e9e avec vue mer<\/p>\n<p><span style=%22text-decoration: underline;%22>\ud83e\udd58 1 cuisine \u00e9quip\u00e9e :<\/span><br \/>\u2022 cuisini\u00e8re \u00e9lectrique \/ r\u00e9frig\u00e9rateur-cong\u00e9lateur<br \/>\u2022 micro onde<br \/>\u2022 cafeti\u00e8re \u00e9lectrique \/ bouilloire<br \/>\u2022 machine \u00e0 laver le linge<\/p>\n<p>\ud83d\udecf\ufe0f 1 chambre avec lit double de 140x200cm + SdB<br \/>\ud83d\udecf\ufe0f 1 chambre avec lit de 90x190cm + SdB<br \/>\ud83d\udecb\ufe0f 1 espace repas \/ salon avec canap\u00e9 convertible<br \/>\ud83d\udca6 2 salle de bain (avec douche et lavabo)<br \/>\ud83d\udebd 1 WC<br \/>\u2744\ufe0f \u2668\ufe0f Syst\u00e8me de chauffage &#038; climatisation<\/p>\n<p>\u00a0\u00bb content_last_edited=\u00a0\u00bbon|phone\u00a0\u00bb _builder_version=\u00a0\u00bb4.27.4&Prime; _module_preset=\u00a0\u00bbdefault\u00a0\u00bb text_font=\u00a0\u00bbBarlow|500|||||||\u00a0\u00bb text_text_color=\u00a0\u00bb#000000&Prime; hover_enabled=\u00a0\u00bb0&Prime; text_font_size_tablet=\u00a0\u00bb\u00a0\u00bb text_font_size_phone=\u00a0\u00bb16px\u00a0\u00bb text_font_size_last_edited=\u00a0\u00bbon|phone\u00a0\u00bb global_colors_info=\u00a0\u00bb{}\u00a0\u00bb sticky_enabled=\u00a0\u00bb0&Prime;]<\/p>\n<p><strong>Accomodation 4 people<\/strong><br \/>\u26f1\ufe0f Southern exposure one large shaded terrace with sea view<\/p>\n<p>\ud83e\udd58 1 fully equipped kitchen :<br \/>\u2022 electric stove 4 fires+ electric oven \/fridge freezer<br \/>\u2022 microwave<br \/>\u2022 coffee maker\/kettle<br \/>\u2022 washing machine<\/p>\n<p>\ud83d\udecf\ufe0f 1 bedroom with double bed of 160x200cm + SdB<br \/>\ud83d\udecf\ufe0f 1 bedroom with trundle beds 90x190cm bed + SdB<br \/>\ud83d\udecb\ufe0f 1 dining\/living area with sofa bed<br \/>\ud83d\udca6 2 bathrooms (with shower and sink)<br \/>\ud83d\udebd 1 toilet<br \/>\u2744\ufe0f \u2668\ufe0f Heating &amp; air conditioning system<br \/>\ud83d\udc76 Possibility of travel cot and high chair for babies, ask us<\/p>\n<p>[\/et_pb_text][\/et_pb_column][\/et_pb_row][\/et_pb_section][et_pb_section fb_built=\u00a0\u00bb1&Prime; admin_label=\u00a0\u00bbSection\u00a0\u00bb module_id=\u00a0\u00bbgalerietortue\u00a0\u00bb _builder_version=\u00a0\u00bb4.25.1&Prime; _module_preset=\u00a0\u00bbdefault\u00a0\u00bb custom_padding=\u00a0\u00bb8px|||||\u00a0\u00bb da_popup_slug=\u00a0\u00bbgalerietortue\u00a0\u00bb da_disable_devices=\u00a0\u00bboff|off|off\u00a0\u00bb locked=\u00a0\u00bboff\u00a0\u00bb global_colors_info=\u00a0\u00bb{}\u00a0\u00bb da_is_popup=\u00a0\u00bboff\u00a0\u00bb da_exit_intent=\u00a0\u00bboff\u00a0\u00bb da_has_close=\u00a0\u00bbon\u00a0\u00bb da_alt_close=\u00a0\u00bboff\u00a0\u00bb da_dark_close=\u00a0\u00bboff\u00a0\u00bb da_not_modal=\u00a0\u00bbon\u00a0\u00bb da_is_singular=\u00a0\u00bboff\u00a0\u00bb da_with_loader=\u00a0\u00bboff\u00a0\u00bb da_has_shadow=\u00a0\u00bbon\u00a0\u00bb][et_pb_row _builder_version=\u00a0\u00bb4.25.1&Prime; _module_preset=\u00a0\u00bbdefault\u00a0\u00bb custom_padding=\u00a0\u00bb8px|||||\u00a0\u00bb global_colors_info=\u00a0\u00bb{}\u00a0\u00bb][et_pb_column type=\u00a0\u00bb4_4&Prime; _builder_version=\u00a0\u00bb4.25.1&Prime; _module_preset=\u00a0\u00bbdefault\u00a0\u00bb global_colors_info=\u00a0\u00bb{}\u00a0\u00bb][et_pb_text _builder_version=\u00a0\u00bb4.27.0&Prime; _module_preset=\u00a0\u00bbdefault\u00a0\u00bb text_font=\u00a0\u00bbKalam|700|||||||\u00a0\u00bb text_text_color=\u00a0\u00bb#006d75&Prime; text_font_size=\u00a0\u00bb24px\u00a0\u00bb custom_padding=\u00a0\u00bb|112px||||\u00a0\u00bb global_colors_info=\u00a0\u00bb{}\u00a0\u00bb]<\/p>\n<p>Gallery<\/p>\n<p>[\/et_pb_text][et_pb_gallery gallery_ids=\u00a0\u00bb1092,1091,2745,1090,1087,1089&Prime; posts_number=\u00a0\u00bb5&Prime; show_title_and_caption=\u00a0\u00bboff\u00a0\u00bb show_pagination=\u00a0\u00bboff\u00a0\u00bb _builder_version=\u00a0\u00bb4.27.4&Prime; _module_preset=\u00a0\u00bbdefault\u00a0\u00bb custom_margin=\u00a0\u00bb||||false|false\u00a0\u00bb custom_padding=\u00a0\u00bb||||false|false\u00a0\u00bb hover_enabled=\u00a0\u00bb0&Prime; border_color_all=\u00a0\u00bbRGBA(255,255,255,0)\u00a0\u00bb border_radii_image=\u00a0\u00bbon|4px|4px|4px|4px\u00a0\u00bb global_colors_info=\u00a0\u00bb{}\u00a0\u00bb sticky_enabled=\u00a0\u00bb0&Prime;][\/et_pb_gallery][\/et_pb_column][\/et_pb_row][\/et_pb_section]<\/p>\n","protected":false},"excerpt":{"rendered":"<p>La tortueAccomodation 4 people\u26f1\ufe0f Southern exposure one large shaded terrace with sea view \ud83e\udd58 1 fully equipped kitchen :\u2022 electric stove 4 fires+ electric oven \/fridge freezer\u2022 microwave\u2022 coffee maker\/kettle\u2022 washing machine \ud83d\udecf\ufe0f 1 bedroom with double bed of 160x200cm + SdB\ud83d\udecf\ufe0f 1 bedroom with trundle beds 90x190cm bed + SdB\ud83d\udecb\ufe0f 1 dining\/living area with [&hellip;]<\/p>\n","protected":false},"author":1,"featured_media":0,"parent":0,"menu_order":0,"comment_status":"closed","ping_status":"closed","template":"","meta":{"_et_pb_use_builder":"on","_et_pb_old_content":"","_et_gb_content_width":"","footnotes":""},"class_list":["post-2438","page","type-page","status-publish","hentry"],"_links":{"self":[{"href":"https:\/\/lesgitesdelamadrague.com\/index.php\/wp-json\/wp\/v2\/pages\/2438","targetHints":{"allow":["GET"]}}],"collection":[{"href":"https:\/\/lesgitesdelamadrague.com\/index.php\/wp-json\/wp\/v2\/pages"}],"about":[{"href":"https:\/\/lesgitesdelamadrague.com\/index.php\/wp-json\/wp\/v2\/types\/page"}],"author":[{"embeddable":true,"href":"https:\/\/lesgitesdelamadrague.com\/index.php\/wp-json\/wp\/v2\/users\/1"}],"replies":[{"embeddable":true,"href":"https:\/\/lesgitesdelamadrague.com\/index.php\/wp-json\/wp\/v2\/comments?post=2438"}],"version-history":[{"count":7,"href":"https:\/\/lesgitesdelamadrague.com\/index.php\/wp-json\/wp\/v2\/pages\/2438\/revisions"}],"predecessor-version":[{"id":2750,"href":"https:\/\/lesgitesdelamadrague.com\/index.php\/wp-json\/wp\/v2\/pages\/2438\/revisions\/2750"}],"wp:attachment":[{"href":"https:\/\/lesgitesdelamadrague.com\/index.php\/wp-json\/wp\/v2\/media?parent=2438"}],"curies":[{"name":"wp","href":"https:\/\/api.w.org\/{rel}","templated":true}]}}